t**2 + 122*t - 1593. Calculate j(-32).
647
Let q(c) = c**3 + 21*c**2 + 97*c + 145. Give q(-4).
29
Let n(l) = -1451*l + 110690. What is n(76)?
414
Let o(p) = 7698*p + 15406. Calculate o(-2).
10
Let q(f) = -25817*f + 1006851. Determine q(39).
-12
Let v(c) = -8960*c + 80648. Determine v(9).
8
Let v(u) = -2*u**3 + 296*u**2 - 580*u - 391. Determine v(146).
193
Let d(s) = -s**2 - 12867*s + 193219. What is d(15)?
-11
Let j(v) = -21515*v - 1678129. Determine j(-78).
41
Let v(z) = 52*z**3 - 259*z**2 + 69*z - 376. Determine v(5).
-6
Let g(i) = i**3 - 6*i**2 - 71*i + 488. What is g(7)?
40
Let c(r) = -r**2 - 54*r + 2955. Determine c(40).
-805
Let j(q) = -17*q**3 + 1402*q**2 + 757*q - 829. Calculate j(83).
1
Let d(k) = -4*k**2 + 828*k - 3428. Determine d(203).
-180
Let j(g) = 321*g - 29587. What is j(92)?
-55
Let n(d) = d**3 + 313*d**2 - 1265*d + 432. Give n(-317).
-519
Let u(w) = -11*w**2 + 55*w + 618. Give u(-5).
68
Let v(g) = 107*g + 3259. Determine v(-29).
156
Let f(s) = 17*s**2 - 1518*s + 1939. What is f(88)?
3
Let m(o) = 1458*o + 1070257. Calculate m(-734).
85
Let n(a) = a**3 + 638*a**2 - 26454*a - 34520. Determine n(-677).
7
Let u(h) = -h**2 + 459*h - 52575. Give u(243).
-87
Let n(c) = -c**3 - 83*c**2 - 308*c - 4758. Give n(-79).
-5390
Let n(c) = -461*c + 5375. Give n(13).
-618
Let o(y) = -2*y**3 - 4712*y**2 + 33047*y + 2. What is o(7)?
-243
Let f(t) = t**3 + 403*t**2 + 399*t - 1175. Determine f(-402).
31
Let j(z) = -z**2 + 185*z + 1250. Calculate j(-7).
-94
Let n(z) = 13247*z + 211908. Calculate n(-16).
-44
Let t(o) = 8868*o - 372433. What is t(42)?
23
Let g(f) = -1091*f + 10786. Give g(10).
-124
Let u(k) = 3*k**2 - 8*k + 72. Determine u(14).
548
Let f(h) = -h**3 + 1682*h**2 + 5124*h - 116253. Give f(1685).
12
Let h(g) = -19*g**2 - 145*g - 348. What is h(-4)?
-72
Let c(a) = -14*a**3 - 67*a**2 - 45*a - 32. What is c(-5)?
268
Let a(u) = -5765*u + 236547. Give a(41).
182
Let w(a) = 3*a**2 + 26681*a - 400868. Give w(15).
22
Let i(o) = -o**3 - 113*o**2 - 574*o - 78427. Calculate i(-114).
5
Let s(n) = -16*n**3 + 128*n**2 - 104*n + 942. Determine s(8).
110
Let t(c) = c**2 + 178*c + 6401. Calculate t(-136).
689
Let v(i) = 894*i - 232444. Give v(260).
-4
Let l(w) = -2*w**3 - 35*w**2 - 2*w + 330. What is l(-17)?
75
Let m(j) = 270*j**2 - 7223*j - 98. Give m(27).
1711
Let f(x) = -3*x**3 + 188*x**2 - 2380*x - 13594. Give f(40).
6
Let s(m) = -352*m - 920. Determine s(2).
-1624
Let n(y) = 2*y**2 - 215694*y - 6904255. Calculate n(-32).
1
Let i(a) = 2*a**3 + 142*a**2 + 875*a - 146. Calculate i(-7).
1
Let p(h) = -153*h**2 + 43074*h + 107354. What is p(284)?
2
Let k(x) = 20*x**2 + 21347*x + 92502. What is k(-1063)?
21
Let z(w) = w**2 + 4370*w + 1076310. Calculate z(-262).
14
Let l(n) = -532045*n - 4256362. Give l(-8).
-2
Let n(j) = -4056*j - 365051. Give n(-90).
-11
Let x(w) = -16067*w + 610563. Calculate x(38).
17
Let v(x) = x**3 - 6764*x**2 + 13519*x + 9. Determine v(2).
-1
Let h(u) = -u**2 + 301*u + 7480. Give h(324).
28
Let h(y) = 520139*y - 5721552. What is h(11)?
-23
Let d(m) = -19762*m + 6758589. Calculate d(342).
-15
Let p(g) = 4*g**2 + 401*g + 492. Determine p(-93).
-2205
Let q(z) = -91*z - 3556. Calculate q(-50).
994
Let g(x) = 282*x**3 - 188*x**2 - 196*x - 9. Calculate g(-1).
-283
Let s(w) = 5604*w + 4320685. Calculate s(-771).
1
Let s(m) = m**2 + 9777*m + 467020. Determine s(-48).
28
Let a(s) = 24*s**2 - 127*s - 439. What is a(-6)?
1187
Let b(s) = -s**3 + 1528*s**2 - 12413*s + 384586. Give b(1520).
26
Let q(r) = r**2 + 15054*r - 195844. Calculate q(13).
27
Let j(a) = -a**3 - 900*a**2 + 241059*a - 620. Give j(216).
28
Let n(a) = -32147*a**2 - 32131*a + 13. Determine n(-1).
-3
Let s(f) = -f**3 + 321*f**2 + 328*f - 1934. What is s(322)?
-2
Let m(o) = o**3 - 837*o**2 - 3346*o + 74. Calculate m(-4).
2
Let a(r) = 362*r + 3949. What is a(-17)?
-2205
Let c(w) = -33*w**2 + 16*w + 1119. Determine c(6).
27
Let d(a) = 2*a**3 + 545*a**2 - 1090*a - 17. Calculate d(2).
-1
Let c(a) = -a**2 - 97*a - 2333. Calculate c(-50).
17
Let d(t) = -91*t**2 - 868*t + 1446. Determine d(-11).
-17
Let o(s) = 536*s + 45. Give o(0).
45
Let v(u) = 8216*u + 681919. Give v(-83).
-9
Let j(h) = -1394*h - 2779. Give j(-2).
9
Let a(t) = 4*t**2 - 23818*t - 46. What is a(0)?
-46
Let m(z) = -2227*z + 48957. Determine m(22).
-37
Let y(b) = b**3 - 227*b**2 - 2117*b - 1407. Give y(236).
245
Let n(i) = -82*i + 18200. What is n(218)?
324
Let z(c) = -39826*c - 637228. What is z(-16)?
-12
Let u(f) = -53*f + 3615. Give u(35).
1760
Let g(q) = -q**3 - 21*q**2 - 101*q - 1314. Give g(-23).
2067
Let n(v) = 7797*v - 397667. Give n(51).
-20
Let c(a) = 144782*a + 1447799. What is c(-10)?
-21
Let i(h) = 2123*h**2 - 10575*h + 10. Calculate i(5).
210
Let d(q) = 120*q - 4845. Determine d(24).
-1965
Let a(o) = -o**2 - 1604*o + 291875. What is a(165)?
-10
Let q(p) = 258*p**2 + 9556*p + 372. Determine q(-37).
2
Let g(j) = 49*j**2 - 3278*j + 54856. Give g(34).
48
Let s(q) = 2*q**2 + 803*q - 13754. What is s(17)?
475
Let d(t) = -7*t**2 - 3770*t - 42767. What is d(-527)?
-80
Let g(v) = 513101*v + 14879925. Determine g(-29).
-4
Let z(m) = 6*m**2 + 264*m - 5794. What is z(-60)?
-34
Let s(o) = -385*o**3 - 36195*o**2 - 465*o + 461. Calculate s(-94).
-9
Let l(z) = 2*z**2 + 124*z - 684. What is l(5)?
-14
Let t(x) = -8*x**2 + 310*x + 17464. What is t(70)?
-36
Let m(h) = 982*h - 18642. Determine m(20).
998
Let i(g) = 100*g**2 + 2038*g - 33. Give i(-21).
1269
Let h(b) = -562*b + 72848. Calculate h(129).
350
Let b(w) = -2*w**2 + 3656*w + 226580. Calculate b(-60).
20
Let m(w) = 8*w**2 + 802*w - 612. Determine m(-109).
7018
Let b(l) = 335*l**2 + 61977*l + 372. Give b(-185).
2
Let f(p) = -3*p**2 - 8724*p - 17452. Determine f(-2).
-16
Let g(c) = -2783*c - 21231. Calculate g(-8).
1033
Let l(i) = -52*i**2 - 1173*i + 72. Determine l(0).
72
Let s(u) = 2996*u**2 - 4332221*u + 7224. Determine s(1446).
-6
Let l(i) = -i**3 - 423*i**2 + 812*i - 16980. What is l(-425)?
-830
Let b(l) = l**3 - 210*l**2 - 12695*l - 195. What is b(-49)?
1
Let d(v) = 577*v - 4123. Determine d(9).
1070
Let y(p) = -14690*p + 6. Calculate y(0).
6
Let u(r) = r**3 + 7*r**2 + 556*r + 3308. What is u(-6)?
8
Let l(k) = 14*k**2 - 217*k + 379. Determine l(14).
85
Let p(w) = w**3 + 82*w**2 + 2320*w - 24318. Calculate p(8).
2
Let f(v) = -12*v**3 + 8*v**2 - 93*v + 87. Calculate f(1).
-10
Let g(c) = -73146*c + 438292. Determine g(6).
-584
Let x(d) = 2*d**3 + 22*d**2 - 2172*d - 27444. Give x(-13).
116
Let a(z) = 14*z**3 + 162*z**2 + 94*z + 41. Calculate a(-11).
-25
Let q(m) = -114*m + 3081. Give q(29).
-225
Let b(q) = q**2 - 458*q + 4482. Give b(10).
2
Let x(z) = 36*z**2 - 2348*z + 646. What is x(65)?
126
Let m(s) = -1578*s - 37819. What is m(-24)?
53
Let b(q) = -73*q**2 + 96*q - 8. What is b(1)?
15
Let u(h) = 225*h + 7276. Give u(-33).
-149
Let b(y) = 5627*y + 123568. Determine b(-22).
-226
Let q(c) = 14*c**3 - 154*c**2 + 119*c - 87. Calculate q(10).
-297
Let o(w) = 1175*w - 141088. What is o(120)?
-88
Let k(u) = -2*u**3 - 151*u**2 + 127*u - 7951. Give k(-77).
57
Let t(f) = -46*f**2 - 201*f - 949. Determine t(-5).
-1094
Let f(a) = -20*a**2 - 168*a - 790. Give f(-5).
-450
Let p(o) = -2*o**3 + 94*o**2 - 337*o - 82. What is p(43)?
219
Let z(h) = -h**3 + 302*h**2 - 617*h + 5170. Calculate z(300).
70
Let b(k) = -14257*k - 14569. Calculate b(-1).
-312
Let j(v) = -3*v**3 - 4*v**2 + 2689*v - 8036. Determine j(3).
-86
Let o(g) = 3*g**2 + 240*g + 2765. Give o(-65).
-160
Let u(v) = -v**2 - 1508*v + 356955. Calculate u(208).
27
Let y(k) = -k**3 + 193*k**2 + 2032*k + 5. Determine y(-10).
-15
Let a(y) = -10*y**2 + 2662*y + 8015. Give a(-3).
-61
Let l(k) = k**3 + 4*k**2 - 2819*k + 691. What is l(51)?
-23
Let d(l) = -1114*l**2 + 10162*l - 1233. Determine d(9).
-9
Let w(l) = -l**2 - 87999*l + 616040. Calculate w(7).
-2
Let v(l) = l**2 - 409*l - 3367. What is v(-8)?
-31
Let t(m) = -4*m**3 - 158*m**2 - 1239*m + 107. Determine t(-11).
-58
Let t(j) = 13*j**3 - 4120*j**2 - 318*j + 651. Give t(317).
334
Let d(m) = -m**2 + 1036*m - 192058. What is d(242)?
90
Let g(u) = 5*u**3 - 28*u**2 - 191*u + 575. Determine g(3).
-115
Let v(x) = 2*x**2 + 54*x + 296. Give v(-30).
476
Let m(s) = s**2 - 4129*s - 37116. Determine m(-9).
126
Let h(u) = 9285*u - 55760. Calculate h(6).
-50
Let g(c) = 33*c**3 - 12*c**2 - 2